 
{"id":83,"date":"2022-05-10T19:59:11","date_gmt":"2022-05-10T17:59:11","guid":{"rendered":"https:\/\/zpe.uni-siegen.de\/unbrk-kommunal\/?page_id=83"},"modified":"2024-06-04T11:19:38","modified_gmt":"2024-06-04T09:19:38","slug":"forschung","status":"publish","type":"page","link":"https:\/\/zpe.uni-siegen.de\/unbrk-kommunal\/forschung\/","title":{"rendered":"Forschung"},"content":{"rendered":"\n<p style=\"font-size:18px\">In vielen Kommunen in Deutschland sind bereits unterschiedliche Akteure mit Fragen der Inklusion und mit der Umsetzung der UN-Behindertenrechtskonvention befasst. Dazu z\u00e4hlen z.B. Kommunalverwaltungen, Tr\u00e4ger von Unterst\u00fctzungsangeboten und ihre Dienste, Vereine und Verb\u00e4nde, Unternehmen oder Akteure aus der Zivilgesellschaft. Vor Ort finden sich z.B. auf Inklusion zielende Einzelaktivit\u00e4ten, Projekte oder planhafte Ma\u00dfnahmen. Alle diese Aktivit\u00e4ten haben ihren eigenen Wert.<\/p>\n\n\n\n<p style=\"font-size:18px\">Das Forschungsprojekt interessiert sich f\u00fcr <strong>systematische Planungsaktivit\u00e4ten (sPA) zur Umsetzung der UN-BRK in Kommunen<\/strong>. <strong>Darunter werden im Rahmen des Projektes Aktivit\u00e4ten verstanden<\/strong>, die<\/p>\n\n\n\n<ul class=\"has-medium-font-size wp-block-list\">\n<li style=\"font-size:18px\">auf der Grundlage eines Beschlusses eines kommunalen Gremiums bzw. einer Beauftragung durch eine kommunale Stelle<\/li>\n\n\n\n<li style=\"font-size:18px\">mit Bezug auf die Umsetzung der UN-BRK<\/li>\n\n\n\n<li style=\"font-size:18px\">unter Federf\u00fchrung der Kommunen<\/li>\n\n\n\n<li style=\"font-size:18px\">ausgestattet mit Ressourcen<\/li>\n\n\n\n<li style=\"font-size:18px\">mit einer Planungsstruktur stattfinden bzw. stattgefunden haben<\/li>\n<\/ul>\n\n\n\n<p style=\"font-size:18px\">und<\/p>\n\n\n\n<ul class=\"has-medium-font-size wp-block-list\">\n<li style=\"font-size:18px\">auf ein Planwerk und\/oder die Verankerung der Umsetzung der UN-BRK in bestehenden Planungsprozessen (z.B. Stadtentwicklungsplanung, Schulentwicklungsplanung oder Jugendhilfeplanung) zielen.<\/li>\n<\/ul>\n\n\n\n<hr class=\"wp-block-separator has-alpha-channel-opacity\" \/>\n\n\n\n<p class=\"has-text-align-left\" style=\"font-size:18px\">Das Projekt setzt sich aus 5 Arbeitspaketen zusammen. Hier stellen wir Ihnen den geplanten Ablauf vor. <\/p>\n\n\n\n<div class=\"wp-block-group is-vertical is-layout-flex wp-container-core-group-is-layout-8cf370e7 wp-block-group-is-layout-flex\"><\/div>\n\n\n<div id=\"pl-gb83-69dc94ab42e56\"  class=\"panel-layout wp-block-siteorigin-panels-layout-block panel-layout\" ><div id=\"pg-gb83-69dc94ab42e56-0\"  class=\"panel-grid panel-no-style\" ><div id=\"pgc-gb83-69dc94ab42e56-0-0\"  class=\"panel-grid-cell\" ><div id=\"panel-gb83-69dc94ab42e56-0-0-0\" class=\"so-panel widget widget_media_image panel-first-child panel-last-child\" data-index=\"0\" ><img loading=\"lazy\" decoding=\"async\" width=\"720\" height=\"402\" src=\"https:\/\/zpe.uni-siegen.de\/unbrk-kommunal\/wp-content\/uploads\/sites\/2\/2022\/11\/Grafik-AP-1-1024x572.png\" class=\"image wp-image-449  attachment-large size-large\" alt=\"Arbeitspaket 1: Projektkonstitution und Expertise Aufbau der Projektstrukturen: Projekt-Team externe Arbeitsbeziehungen Projekt-Beirat Expertise zu Aufgaben der Kommunen:\" style=\"max-width: 100%; height: auto;\" srcset=\"https:\/\/zpe.uni-siegen.de\/unbrk-kommunal\/wp-content\/uploads\/sites\/2\/2022\/11\/Grafik-AP-1-1024x572.png 1024w, https:\/\/zpe.uni-siegen.de\/unbrk-kommunal\/wp-content\/uploads\/sites\/2\/2022\/11\/Grafik-AP-1-300x168.png 300w, https:\/\/zpe.uni-siegen.de\/unbrk-kommunal\/wp-content\/uploads\/sites\/2\/2022\/11\/Grafik-AP-1-768x429.png 768w, https:\/\/zpe.uni-siegen.de\/unbrk-kommunal\/wp-content\/uploads\/sites\/2\/2022\/11\/Grafik-AP-1-1536x859.png 1536w, https:\/\/zpe.uni-siegen.de\/unbrk-kommunal\/wp-content\/uploads\/sites\/2\/2022\/11\/Grafik-AP-1.png 1846w\" sizes=\"auto, (max-width: 720px) 100vw, 720px\" \/><\/div><\/div><\/div><\/div>\n\n\n<div class=\"wp-block-group is-vertical is-layout-flex wp-container-core-group-is-layout-8cf370e7 wp-block-group-is-layout-flex\"><\/div>\n\n\n<div id=\"pl-gb83-69dc94ab434b1\"  class=\"panel-layout wp-block-siteorigin-panels-layout-block panel-layout\" ><div id=\"pg-gb83-69dc94ab434b1-0\"  class=\"panel-grid panel-no-style\" ><div id=\"pgc-gb83-69dc94ab434b1-0-0\"  class=\"panel-grid-cell\" ><div id=\"panel-gb83-69dc94ab434b1-0-0-0\" class=\"so-panel widget widget_media_image panel-first-child panel-last-child\" data-index=\"0\" ><img loading=\"lazy\" decoding=\"async\" width=\"720\" height=\"715\" src=\"https:\/\/zpe.uni-siegen.de\/unbrk-kommunal\/wp-content\/uploads\/sites\/2\/2022\/11\/AP-2-uea-1024x1017.png\" class=\"image wp-image-481  attachment-large size-large\" alt=\"Arbeitspaket 2: Verbreitung systematischer Planungsaktivit\u00e4ten auf kommunaler Ebene Entwicklung eines Instrumentariums: Tools zur Dokumentation und statistischen Auswertung einer Internetrecherche Erprobung des Entwickelten Instrumentariums: Erprobung in einem Bundesland Weiterentwicklung systematische Erhebung der Planungsaktivit\u00e4ten in den Kommunen: Wie verbreitet sind systematische Planungsaktivit\u00e4ten? Welchen Themen bzw. Vorgaben der UN-BRK werden bei der Umsetzung bearbeitet? Welche Akteure sind einbezogen? Wie wird die Partizipation von Menschen mit Behinderung sichergestellt? Auswertung und Verschriftlichung der Erhebung:\" style=\"max-width: 100%; height: auto;\" srcset=\"https:\/\/zpe.uni-siegen.de\/unbrk-kommunal\/wp-content\/uploads\/sites\/2\/2022\/11\/AP-2-uea-1024x1017.png 1024w, https:\/\/zpe.uni-siegen.de\/unbrk-kommunal\/wp-content\/uploads\/sites\/2\/2022\/11\/AP-2-uea-300x298.png 300w, https:\/\/zpe.uni-siegen.de\/unbrk-kommunal\/wp-content\/uploads\/sites\/2\/2022\/11\/AP-2-uea-150x150.png 150w, https:\/\/zpe.uni-siegen.de\/unbrk-kommunal\/wp-content\/uploads\/sites\/2\/2022\/11\/AP-2-uea-768x763.png 768w, https:\/\/zpe.uni-siegen.de\/unbrk-kommunal\/wp-content\/uploads\/sites\/2\/2022\/11\/AP-2-uea-1536x1526.png 1536w, https:\/\/zpe.uni-siegen.de\/unbrk-kommunal\/wp-content\/uploads\/sites\/2\/2022\/11\/AP-2-uea.png 1859w\" sizes=\"auto, (max-width: 720px) 100vw, 720px\" \/><\/div><\/div><\/div><\/div>\n\n\n<div class=\"wp-block-group is-vertical is-layout-flex wp-container-core-group-is-layout-8cf370e7 wp-block-group-is-layout-flex\"><\/div>\n\n\n<div id=\"pl-gb83-69dc94ab43959\"  class=\"panel-layout wp-block-siteorigin-panels-layout-block panel-layout\" ><div id=\"pg-gb83-69dc94ab43959-0\"  class=\"panel-grid panel-no-style\" ><div id=\"pgc-gb83-69dc94ab43959-0-0\"  class=\"panel-grid-cell\" ><div id=\"panel-gb83-69dc94ab43959-0-0-0\" class=\"so-panel widget widget_media_image panel-first-child panel-last-child\" data-index=\"0\" ><img loading=\"lazy\" decoding=\"async\" width=\"720\" height=\"556\" src=\"https:\/\/zpe.uni-siegen.de\/unbrk-kommunal\/wp-content\/uploads\/sites\/2\/2022\/11\/TP-3-uea-1024x791.png\" class=\"image wp-image-482  attachment-large size-large\" alt=\"Arbeitspaket 3: Vertiefte Analyse von Planungsprozessen Entwicklung und Erprobung eines Analyserasters: Wie wird die Partizipation von Menschen mit Behinderungen und ihren Verb\u00e4nden sichergestellt? Welche Impulse f\u00fchren zur Befassung mit der UN-BRK? Welche Arbeitsformen werden gew\u00e4hlt? Analyse von Beschl\u00fcssen und Planwerken: Inhaltsanalyse von Beschl\u00fcssen\/Planwerken aus allen Bundesl\u00e4ndern Expert*inneninterviews: m\u00fcndliche teil-standartisierte Interviews mit Planungsverantwortlichen Personen und beteiligten Menschen mit Behinderungen aus Kommunen\" style=\"max-width: 100%; height: auto;\" srcset=\"https:\/\/zpe.uni-siegen.de\/unbrk-kommunal\/wp-content\/uploads\/sites\/2\/2022\/11\/TP-3-uea-1024x791.png 1024w, https:\/\/zpe.uni-siegen.de\/unbrk-kommunal\/wp-content\/uploads\/sites\/2\/2022\/11\/TP-3-uea-300x232.png 300w, https:\/\/zpe.uni-siegen.de\/unbrk-kommunal\/wp-content\/uploads\/sites\/2\/2022\/11\/TP-3-uea-768x593.png 768w, https:\/\/zpe.uni-siegen.de\/unbrk-kommunal\/wp-content\/uploads\/sites\/2\/2022\/11\/TP-3-uea-1536x1186.png 1536w, https:\/\/zpe.uni-siegen.de\/unbrk-kommunal\/wp-content\/uploads\/sites\/2\/2022\/11\/TP-3-uea.png 1859w\" sizes=\"auto, (max-width: 720px) 100vw, 720px\" \/><\/div><\/div><\/div><\/div>\n\n\n<div class=\"wp-block-group is-vertical is-layout-flex wp-container-core-group-is-layout-8cf370e7 wp-block-group-is-layout-flex\"><\/div>\n\n\n<div id=\"pl-gb83-69dc94ab43d91\"  class=\"panel-layout wp-block-siteorigin-panels-layout-block panel-layout\" ><div id=\"pg-gb83-69dc94ab43d91-0\"  class=\"panel-grid panel-no-style\" ><div id=\"pgc-gb83-69dc94ab43d91-0-0\"  class=\"panel-grid-cell\" ><div id=\"panel-gb83-69dc94ab43d91-0-0-0\" class=\"so-panel widget widget_media_image panel-first-child panel-last-child\" data-index=\"0\" ><img loading=\"lazy\" decoding=\"async\" width=\"720\" height=\"403\" src=\"https:\/\/zpe.uni-siegen.de\/unbrk-kommunal\/wp-content\/uploads\/sites\/2\/2022\/11\/TP-4-uea-1024x573.png\" class=\"image wp-image-483  attachment-large size-large\" alt=\"Arbeitspaket 4: Fokusgruppen zu Gelingensbedingungen f\u00fcr die kommunale Umsetzung der UN-BRK Vorbereitung von Fokusgruppen mit Menschen mit Behinderungen: Lassen sich Gelingensbedingungen f\u00fcr eine nachhaltige Umsetzung der UN-BRK erkennen? Welche Erfahrungen gibt es, die Umsetzung der UN-BRK in eine verstetigte Planung zu \u00fcberf\u00fchren oder in bestehende Planungsstrukturen zu integrieren? Durchf\u00fchrung der Fokusgruppen: vier regionale Fokusgruppen mit Menschen mit Behinderungen, die in kommunale Planungsprozesse zur Umsetzung der UN-BRK involviert sind.\" style=\"max-width: 100%; height: auto;\" srcset=\"https:\/\/zpe.uni-siegen.de\/unbrk-kommunal\/wp-content\/uploads\/sites\/2\/2022\/11\/TP-4-uea-1024x573.png 1024w, https:\/\/zpe.uni-siegen.de\/unbrk-kommunal\/wp-content\/uploads\/sites\/2\/2022\/11\/TP-4-uea-300x168.png 300w, https:\/\/zpe.uni-siegen.de\/unbrk-kommunal\/wp-content\/uploads\/sites\/2\/2022\/11\/TP-4-uea-768x430.png 768w, https:\/\/zpe.uni-siegen.de\/unbrk-kommunal\/wp-content\/uploads\/sites\/2\/2022\/11\/TP-4-uea-1536x860.png 1536w, https:\/\/zpe.uni-siegen.de\/unbrk-kommunal\/wp-content\/uploads\/sites\/2\/2022\/11\/TP-4-uea.png 1868w\" sizes=\"auto, (max-width: 720px) 100vw, 720px\" \/><\/div><\/div><\/div><\/div>\n\n\n<div class=\"wp-block-group is-vertical is-layout-flex wp-container-core-group-is-layout-8cf370e7 wp-block-group-is-layout-flex\"><\/div>\n\n\n<div id=\"pl-gb83-69dc94ab441a0\"  class=\"panel-layout wp-block-siteorigin-panels-layout-block panel-layout\" ><div id=\"pg-gb83-69dc94ab441a0-0\"  class=\"panel-grid panel-no-style\" ><div id=\"pgc-gb83-69dc94ab441a0-0-0\"  class=\"panel-grid-cell\" ><div id=\"panel-gb83-69dc94ab441a0-0-0-0\" class=\"so-panel widget widget_media_image panel-first-child panel-last-child\" data-index=\"0\" ><img loading=\"lazy\" decoding=\"async\" width=\"720\" height=\"711\" src=\"https:\/\/zpe.uni-siegen.de\/unbrk-kommunal\/wp-content\/uploads\/sites\/2\/2022\/11\/TP-5-uea-1-1024x1011.png\" class=\"image wp-image-486  attachment-large size-large\" alt=\"Arbeitspaket 5: Erarbeitung einer Transferstrategie Erstellung eines Abschlussberichtes: Erstellung eines Abschlussberichtes Erarbeitung einer Transferstrategie: Beratung der Transferstrategie mit dem Projekt-Beirat Empfehlungen zur Umsetzung der UN-BRK auf kommunaler Ebene Arbeitshilfen zur Strukturierung von Planungsprozessen und zur Erstellung von Aktionspl\u00e4nen Pr\u00e4sentation der Ergebnisse: im Rahmen \u00f6ffentlicher Veranstaltungen Abschlussbefragung:\" style=\"max-width: 100%; height: auto;\" srcset=\"https:\/\/zpe.uni-siegen.de\/unbrk-kommunal\/wp-content\/uploads\/sites\/2\/2022\/11\/TP-5-uea-1-1024x1011.png 1024w, https:\/\/zpe.uni-siegen.de\/unbrk-kommunal\/wp-content\/uploads\/sites\/2\/2022\/11\/TP-5-uea-1-300x296.png 300w, https:\/\/zpe.uni-siegen.de\/unbrk-kommunal\/wp-content\/uploads\/sites\/2\/2022\/11\/TP-5-uea-1-768x758.png 768w, https:\/\/zpe.uni-siegen.de\/unbrk-kommunal\/wp-content\/uploads\/sites\/2\/2022\/11\/TP-5-uea-1-1536x1517.png 1536w, https:\/\/zpe.uni-siegen.de\/unbrk-kommunal\/wp-content\/uploads\/sites\/2\/2022\/11\/TP-5-uea-1.png 1859w\" sizes=\"auto, (max-width: 720px) 100vw, 720px\" \/><\/div><\/div><\/div><\/div>","protected":false},"excerpt":{"rendered":"<p>In vielen Kommunen in Deutschland sind bereits unterschiedliche Akteure mit Fragen der Inklusion und mit der Umsetzung der UN-Behindertenrechtskonvention befasst. Dazu z\u00e4hlen z.B. Kommunalverwaltungen, Tr\u00e4ger von Unterst\u00fctzungsangeboten und ihre Dienste, [&hellip;]<\/p>\n","protected":false},"author":2,"featured_media":0,"parent":0,"menu_order":0,"comment_status":"closed","ping_status":"closed","template":"","meta":{"footnotes":""},"class_list":["post-83","page","type-page","status-publish","hentry","post"],"_links":{"self":[{"href":"https:\/\/zpe.uni-siegen.de\/unbrk-kommunal\/wp-json\/wp\/v2\/pages\/83","targetHints":{"allow":["GET"]}}],"collection":[{"href":"https:\/\/zpe.uni-siegen.de\/unbrk-kommunal\/wp-json\/wp\/v2\/pages"}],"about":[{"href":"https:\/\/zpe.uni-siegen.de\/unbrk-kommunal\/wp-json\/wp\/v2\/types\/page"}],"author":[{"embeddable":true,"href":"https:\/\/zpe.uni-siegen.de\/unbrk-kommunal\/wp-json\/wp\/v2\/users\/2"}],"replies":[{"embeddable":true,"href":"https:\/\/zpe.uni-siegen.de\/unbrk-kommunal\/wp-json\/wp\/v2\/comments?post=83"}],"version-history":[{"count":80,"href":"https:\/\/zpe.uni-siegen.de\/unbrk-kommunal\/wp-json\/wp\/v2\/pages\/83\/revisions"}],"predecessor-version":[{"id":1963,"href":"https:\/\/zpe.uni-siegen.de\/unbrk-kommunal\/wp-json\/wp\/v2\/pages\/83\/revisions\/1963"}],"wp:attachment":[{"href":"https:\/\/zpe.uni-siegen.de\/unbrk-kommunal\/wp-json\/wp\/v2\/media?parent=83"}],"curies":[{"name":"wp","href":"https:\/\/api.w.org\/{rel}","templated":true}]}}