 
{"id":2,"date":"2021-11-12T15:09:30","date_gmt":"2021-11-12T14:09:30","guid":{"rendered":"https:\/\/141.99.12.126\/unbrk-kommunal\/?page_id=2"},"modified":"2025-10-17T11:58:16","modified_gmt":"2025-10-17T09:58:16","slug":"beispiel-seite","status":"publish","type":"page","link":"https:\/\/zpe.uni-siegen.de\/unbrk-kommunal\/","title":{"rendered":""},"content":{"rendered":"<div class=\"n2_clear\"><ss3-force-full-width data-overflow-x=\"body\" data-horizontal-selector=\"body\"><div class=\"n2-section-smartslider fitvidsignore  n2_clear\" data-ssid=\"3\"><div id=\"n2-ss-3-align\" class=\"n2-ss-align\"><div class=\"n2-padding\"><div id=\"n2-ss-3\" data-creator=\"Smart Slider 3\" data-responsive=\"fullwidth\" class=\"n2-ss-slider n2-ow n2-has-hover n2notransition  \"><div class=\"n2-ss-slider-wrapper-inside\">\n        <div class=\"n2-ss-slider-1 n2_ss__touch_element n2-ow\">\n            <div class=\"n2-ss-slider-2 n2-ow\">\n                                                <div class=\"n2-ss-slider-3 n2-ow\">\n\n                    <div class=\"n2-ss-slide-backgrounds n2-ow-all\"><div class=\"n2-ss-slide-background\" data-public-id=\"1\" data-mode=\"fill\"><div class=\"n2-ss-slide-background-image\" data-blur=\"0\" data-opacity=\"100\" data-x=\"67\" data-y=\"59\" data-alt=\"\" data-title=\"\" style=\"--ss-o-pos-x:67%;--ss-o-pos-y:59%\"><picture class=\"skip-lazy\" data-skip-lazy=\"1\"><img decoding=\"async\" src=\"\/\/zpe.uni-siegen.de\/unbrk-kommunal\/wp-content\/uploads\/sites\/2\/2024\/01\/Slider-Schienen.jpg\" alt=\"\" title=\"\" loading=\"lazy\" class=\"skip-lazy\" data-skip-lazy=\"1\"><\/picture><\/div><div data-color=\"RGBA(255,255,255,0)\" style=\"background-color: RGBA(255,255,255,0);\" class=\"n2-ss-slide-background-color\"><\/div><\/div><div class=\"n2-ss-slide-background\" data-public-id=\"2\" data-mode=\"fill\" aria-hidden=\"true\"><div class=\"n2-ss-slide-background-image\" data-blur=\"0\" data-opacity=\"100\" data-x=\"60\" data-y=\"41\" data-alt=\"\" data-title=\"\" style=\"--ss-o-pos-x:60%;--ss-o-pos-y:41%\"><picture class=\"skip-lazy\" data-skip-lazy=\"1\"><img decoding=\"async\" src=\"\/\/zpe.uni-siegen.de\/unbrk-kommunal\/wp-content\/uploads\/sites\/2\/2024\/01\/Slider-BRK.jpg\" alt=\"\" title=\"\" loading=\"lazy\" class=\"skip-lazy\" data-skip-lazy=\"1\"><\/picture><\/div><div data-color=\"RGBA(255,255,255,0)\" style=\"background-color: RGBA(255,255,255,0);\" class=\"n2-ss-slide-background-color\"><\/div><\/div><\/div>                    <div class=\"n2-ss-slider-4 n2-ow\">\n                        <svg xmlns=\"http:\/\/www.w3.org\/2000\/svg\" viewBox=\"0 0 1920 435\" data-related-device=\"desktopPortrait\" class=\"n2-ow n2-ss-preserve-size n2-ss-preserve-size--slider n2-ss-slide-limiter\"><\/svg><div data-first=\"1\" data-slide-duration=\"0\" data-id=\"8\" data-slide-public-id=\"1\" data-title=\"Slider Schienen\" class=\"n2-ss-slide n2-ow  n2-ss-slide-8\"><div role=\"note\" class=\"n2-ss-slide--focus\" tabindex=\"-1\">Slider Schienen<\/div><div class=\"n2-ss-layers-container n2-ss-slide-limiter n2-ow\"><div class=\"n2-ss-layer n2-ow n-uc-7cMIjlRx7a7W\" data-sstype=\"slide\" data-pm=\"default\"><\/div><\/div><\/div><div data-slide-duration=\"0\" data-id=\"9\" data-slide-public-id=\"2\" aria-hidden=\"true\" data-title=\"Slider BRK\" class=\"n2-ss-slide n2-ow  n2-ss-slide-9\"><div role=\"note\" class=\"n2-ss-slide--focus\" tabindex=\"-1\">Slider BRK<\/div><div class=\"n2-ss-layers-container n2-ss-slide-limiter n2-ow\"><div class=\"n2-ss-layer n2-ow n-uc-ASi2H8dKDSOP\" data-sstype=\"slide\" data-pm=\"default\"><\/div><\/div><\/div>                    <\/div>\n\n                                    <\/div>\n            <\/div>\n        <\/div>\n        <div class=\"n2-ss-slider-controls n2-ss-slider-controls-absolute-left-center\"><div style=\"--widget-offset:15px;\" class=\"n2-ss-widget nextend-arrow n2-ow-all nextend-arrow-previous  nextend-arrow-animated-fade\" data-hide-mobileportrait=\"1\" id=\"n2-ss-3-arrow-previous\" role=\"button\" aria-label=\"previous arrow\" tabindex=\"0\"><img loading=\"lazy\" decoding=\"async\" width=\"32\" height=\"32\" class=\"skip-lazy\" data-skip-lazy=\"1\" src=\"data:image\/svg+xml;base64,PHN2ZyB3aWR0aD0iMzIiIGhlaWdodD0iMzIiIHZpZXdCb3g9IjAgMCAzMiAzMiIgeG1sbnM9Imh0dHA6Ly93d3cudzMub3JnLzIwMDAvc3ZnIj4KICAgIDxwYXRoIGQ9Ik0xMS40MzMgMTUuOTkyTDIyLjY5IDUuNzEyYy4zOTMtLjM5LjM5My0xLjAzIDAtMS40Mi0uMzkzLS4zOS0xLjAzLS4zOS0xLjQyMyAwbC0xMS45OCAxMC45NGMtLjIxLjIxLS4zLjQ5LS4yODUuNzYtLjAxNS4yOC4wNzUuNTYuMjg0Ljc3bDExLjk4IDEwLjk0Yy4zOTMuMzkgMS4wMy4zOSAxLjQyNCAwIC4zOTMtLjQuMzkzLTEuMDMgMC0xLjQybC0xMS4yNTctMTAuMjkiCiAgICAgICAgICBmaWxsPSIjZmZmZmZmIiBvcGFjaXR5PSIwLjgiIGZpbGwtcnVsZT0iZXZlbm9kZCIvPgo8L3N2Zz4=\" alt=\"previous arrow\"><\/div><\/div><div class=\"n2-ss-slider-controls n2-ss-slider-controls-absolute-right-center\"><div style=\"--widget-offset:15px;\" class=\"n2-ss-widget nextend-arrow n2-ow-all nextend-arrow-next  nextend-arrow-animated-fade\" data-hide-mobileportrait=\"1\" id=\"n2-ss-3-arrow-next\" role=\"button\" aria-label=\"next arrow\" tabindex=\"0\"><img loading=\"lazy\" decoding=\"async\" width=\"32\" height=\"32\" class=\"skip-lazy\" data-skip-lazy=\"1\" src=\"data:image\/svg+xml;base64,PHN2ZyB3aWR0aD0iMzIiIGhlaWdodD0iMzIiIHZpZXdCb3g9IjAgMCAzMiAzMiIgeG1sbnM9Imh0dHA6Ly93d3cudzMub3JnLzIwMDAvc3ZnIj4KICAgIDxwYXRoIGQ9Ik0xMC43MjIgNC4yOTNjLS4zOTQtLjM5LTEuMDMyLS4zOS0xLjQyNyAwLS4zOTMuMzktLjM5MyAxLjAzIDAgMS40MmwxMS4yODMgMTAuMjgtMTEuMjgzIDEwLjI5Yy0uMzkzLjM5LS4zOTMgMS4wMiAwIDEuNDIuMzk1LjM5IDEuMDMzLjM5IDEuNDI3IDBsMTIuMDA3LTEwLjk0Yy4yMS0uMjEuMy0uNDkuMjg0LS43Ny4wMTQtLjI3LS4wNzYtLjU1LS4yODYtLjc2TDEwLjcyIDQuMjkzeiIKICAgICAgICAgIGZpbGw9IiNmZmZmZmYiIG9wYWNpdHk9IjAuOCIgZmlsbC1ydWxlPSJldmVub2RkIi8+Cjwvc3ZnPg==\" alt=\"next arrow\"><\/div><\/div><\/div><\/div><ss3-loader><\/ss3-loader><\/div><\/div><div class=\"n2_clear\"><\/div><\/div><\/ss3-force-full-width><\/div>\n\n\n<p><strong>Das Forschungsprojekt \u201eUN-Behindertenrechtskonvention in den Kommunen\u201c ist mit Ablauf des 30. September 2025 beendet.<br>Die Inhalte dieser Webseite werden daher nicht mehr fortgef\u00fchrt oder aktualisiert.<br><\/strong>F\u00fcr weiterf\u00fchrende Informationen steht Ihnen k\u00fcnftig die Transferwebseite des Deutschen Instituts f\u00fcr Menschenrechte zur Verf\u00fcgung: Zu der Webseite gelangen Sie <a href=\"https:\/\/www.institut-fuer-menschenrechte.de\/themen\/rechte-von-menschen-mit-behinderungen\/un-behindertenrechtskonvention-trifft-kommune\">hier<\/a>.<\/p>\n\n\n\n<hr class=\"wp-block-separator has-alpha-channel-opacity\" \/>\n\n\n\n<p>Zahlreiche Kommunen in Deutschland haben bereits den Impuls durch die UN-Behindertenrechtskonvention aufgenommen, die Rechte von Menschen mit Behinderungen vor Ort zu st\u00e4rken.<\/p>\n\n\n\n<p>Viele der Kommunen bedienen sich dabei eines \u201aAktionsplans\u2018 oder vergleichbarer Formate.<\/p>\n\n\n\n<p>Um weitere Kommunen zu einer systematischen Umsetzung der UN-Behindertenrechtskonvention anzuregen und den Erfolg solcher Prozesse zu verbessern, sollen Unterst\u00fctzungsangebote f\u00fcr Kommunen erarbeitet werden.<\/p>\n\n\n\n<p>Daf\u00fcr braucht es zun\u00e4chst eine Bestandsaufnahme, in welcher Weise Kommunen in Deutschland aktiv geworden sind, um ein inklusives Gemeinwesen zu entwickeln. Darum geht es in dem dreij\u00e4hrigen Forschungs- und Entwicklungsprojekt \u201eUN-Behindertenrechtskonvention in den Kommunen\u201c, das vom Bundesministerium f\u00fcr Arbeit und Soziales gef\u00f6rdert und in Kooperation zwischen dem Zentrum f\u00fcr Planung und Entwicklung Sozialer Dienste (ZPE) der Universit\u00e4t Siegen und der Monitoring-Stelle UN-Behindertenrechtskonvention des Deutschen Instituts f\u00fcr Menschenrechte (DIMR) durchgef\u00fchrt wird.<\/p>\n\n\n\n<hr class=\"wp-block-separator has-alpha-channel-opacity\" \/>\n\n\n\n<p>Mit der neuen Transferwebseite, die nun Teil des Webauftritts des Deutschen Instituts f\u00fcr Menschenrechte (DIMR) ist, steht ein zentraler Baustein unserer Transferstrategie zur Verf\u00fcgung. Die Seite b\u00fcndelt vielf\u00e4ltige praxisorientierte Materialien: Ausf\u00fchrungen zu f\u00f6rderlichen Faktoren und Stolpersteinen in kommunalen Planungsprozessen, Factsheets zu kommunalen Planungsprozessen in den Bundesl\u00e4ndern, ein FAQ zum Rechtsgutachten \u00fcber kommunale Verpflichtungen sowie anonymisierte Kommunalportr\u00e4ts aus unserer vertiefenden Analyse.<\/p>\n\n\n\n<p>Viele Informationen sind auch in Leichter Sprache verf\u00fcgbar. Ziel ist es, kommunale Akteurinnen und Akteure zu unterst\u00fctzen und Impulse f\u00fcr inklusive Planungsprozesse zu geben.<\/p>\n\n\n\n<p>Zu der Webseite gelangen Sie <a href=\"https:\/\/www.institut-fuer-menschenrechte.de\/themen\/rechte-von-menschen-mit-behinderungen\/un-behindertenrechtskonvention-trifft-kommune\">hier<\/a>.<\/p>\n\n\n\n<hr class=\"wp-block-separator has-alpha-channel-opacity\" \/>\n\n\n\n<p>Die aktuelle Ausgabe unseres Newsletters finden Sie <a href=\"https:\/\/zpe.uni-siegen.de\/unbrk-kommunal\/wp-content\/uploads\/sites\/2\/2025\/10\/UN-BRK-kommunal_Newsletter-06_2025.pdf\">hier<\/a>.<\/p>\n\n\n\n<p>Eine Zusammenfassung des Newsletters in Leichter Sprache finden Sie <a href=\"https:\/\/zpe.uni-siegen.de\/unbrk-kommunal\/wp-content\/uploads\/sites\/2\/2025\/10\/UN-BRK-kommunal_Newsletter_LS_06_2025.pdf\">hier<\/a>.<\/p>\n","protected":false},"excerpt":{"rendered":"<p>Das Forschungsprojekt \u201eUN-Behindertenrechtskonvention in den Kommunen\u201c ist mit Ablauf des 30. September 2025 beendet.Die Inhalte dieser Webseite werden daher nicht mehr fortgef\u00fchrt oder aktualisiert.F\u00fcr weiterf\u00fchrende Informationen steht Ihnen k\u00fcnftig die [&hellip;]<\/p>\n","protected":false},"author":44,"featured_media":0,"parent":0,"menu_order":0,"comment_status":"closed","ping_status":"open","template":"","meta":{"footnotes":""},"class_list":["post-2","page","type-page","status-publish","hentry","post"],"_links":{"self":[{"href":"https:\/\/zpe.uni-siegen.de\/unbrk-kommunal\/wp-json\/wp\/v2\/pages\/2","targetHints":{"allow":["GET"]}}],"collection":[{"href":"https:\/\/zpe.uni-siegen.de\/unbrk-kommunal\/wp-json\/wp\/v2\/pages"}],"about":[{"href":"https:\/\/zpe.uni-siegen.de\/unbrk-kommunal\/wp-json\/wp\/v2\/types\/page"}],"author":[{"embeddable":true,"href":"https:\/\/zpe.uni-siegen.de\/unbrk-kommunal\/wp-json\/wp\/v2\/users\/44"}],"replies":[{"embeddable":true,"href":"https:\/\/zpe.uni-siegen.de\/unbrk-kommunal\/wp-json\/wp\/v2\/comments?post=2"}],"version-history":[{"count":47,"href":"https:\/\/zpe.uni-siegen.de\/unbrk-kommunal\/wp-json\/wp\/v2\/pages\/2\/revisions"}],"predecessor-version":[{"id":2224,"href":"https:\/\/zpe.uni-siegen.de\/unbrk-kommunal\/wp-json\/wp\/v2\/pages\/2\/revisions\/2224"}],"wp:attachment":[{"href":"https:\/\/zpe.uni-siegen.de\/unbrk-kommunal\/wp-json\/wp\/v2\/media?parent=2"}],"curies":[{"name":"wp","href":"https:\/\/api.w.org\/{rel}","templated":true}]}}