 
{"id":14,"date":"2021-11-25T10:18:19","date_gmt":"2021-11-25T09:18:19","guid":{"rendered":"https:\/\/zpe.uni-siegen.de\/unbrk-kommunal\/?page_id=14"},"modified":"2022-10-31T14:30:12","modified_gmt":"2022-10-31T13:30:12","slug":"impressum","status":"publish","type":"page","link":"https:\/\/zpe.uni-siegen.de\/unbrk-kommunal\/impressum\/","title":{"rendered":"Impressum"},"content":{"rendered":"\n<p class=\"has-small-font-size\">Universit\u00e4t Siegen<br>Zentrum f\u00fcr Planung und Entwicklung Sozialer Dienste<br>H\u00f6lderlinstr. 3<br>57076 Siegen<\/p>\n\n\n\n<p class=\"has-small-font-size\">E-Mail: webmaster@zpe.uni-siegen.de<br>Telefon: +49 (0) 271 \/ 740 &#8211; 2228 (Gesch\u00e4ftsstelle, Heike Kr\u00fctt)<br>Gesch\u00e4ftsf\u00fchrer: Dr. Martin F. Reichstein<\/p>\n\n\n\n<p class=\"has-small-font-size\">Die Universit\u00e4t Siegen ist eine vom Land Nordrhein-Westfalen getragene, rechtsf\u00e4hige K\u00f6rperschaft des \u00f6ffentlichen Rechts. Sie wird vertreten durch den <a href=\"https:\/\/www.uni-siegen.de\/start\/die_universitaet\/organisation\/rektorat\/?lang=de#rektor\">Rektor<\/a> Univ.-Prof. Dr. Holger Burckhart.<\/p>\n\n\n\n<h2 class=\"has-medium-font-size wp-block-heading\" id=\"zustandige-aufsichtsbehorde\" style=\"font-style:normal;font-weight:400\">Zust\u00e4ndige Aufsichtsbeh\u00f6rde<\/h2>\n\n\n\n<p class=\"has-small-font-size\">Ministerium f\u00fcr Kultur und Wissenschaft des Landes Nordrhein-Westfalen.<br>Umsatzsteuer-Identifikationsnummer gem\u00e4\u00df \u00a7 27 a Umsatzsteuergesetz:<br>DE 154854171.<\/p>\n\n\n\n<h2 class=\"has-medium-font-size wp-block-heading\" id=\"redaktionell-verantwortlich\" style=\"font-style:normal;font-weight:400\">Redaktionell verantwortlich<\/h2>\n\n\n\n<p class=\"has-small-font-size\">gem\u00e4\u00df \u00a7 5 des Telemediengesetzes und \u00a7 55 Absatz 2 des Rundfunkstaatsvertrages:<\/p>\n\n\n\n<p class=\"has-small-font-size\">Zentrum f\u00fcr Planung und Entwicklung Sozialer Dienste<br>Universit\u00e4t Siegen<br>H\u00f6lderlinstra\u00dfe 3<br>57076 Siegen<br>E-Mail: webmaster@zpe.uni-siegen.de<\/p>\n\n\n\n<p class=\"has-small-font-size\">Telefon: +49 271 \/ 740 &#8211; 2228 (Gesch\u00e4ftsstelle, Heike Kr\u00fctt)<\/p>\n\n\n\n<h2 class=\"has-medium-font-size wp-block-heading\" id=\"copyright\" style=\"font-style:normal;font-weight:400\">Copyright<\/h2>\n\n\n\n<p class=\"has-small-font-size\">Die Urheber- und Nutzungsrechte (Copyright) f\u00fcr Texte, Grafiken, Bilder, Design und Quellcode liegen bei der Universit\u00e4t Siegen. Die Erstellung, Verwendung und Weitergabe von Kopien in elektronischer oder ausgedruckter Form bedarf der Genehmigung.<\/p>\n","protected":false},"excerpt":{"rendered":"<p>Universit\u00e4t SiegenZentrum f\u00fcr Planung und Entwicklung Sozialer DiensteH\u00f6lderlinstr. 357076 Siegen E-Mail: webmaster@zpe.uni-siegen.deTelefon: +49 (0) 271 \/ 740 &#8211; 2228 (Gesch\u00e4ftsstelle, Heike Kr\u00fctt)Gesch\u00e4ftsf\u00fchrer: Dr. Martin F. Reichstein Die Universit\u00e4t Siegen ist [&hellip;]<\/p>\n","protected":false},"author":1,"featured_media":0,"parent":0,"menu_order":0,"comment_status":"closed","ping_status":"closed","template":"","meta":{"footnotes":""},"class_list":["post-14","page","type-page","status-publish","hentry","post"],"_links":{"self":[{"href":"https:\/\/zpe.uni-siegen.de\/unbrk-kommunal\/wp-json\/wp\/v2\/pages\/14","targetHints":{"allow":["GET"]}}],"collection":[{"href":"https:\/\/zpe.uni-siegen.de\/unbrk-kommunal\/wp-json\/wp\/v2\/pages"}],"about":[{"href":"https:\/\/zpe.uni-siegen.de\/unbrk-kommunal\/wp-json\/wp\/v2\/types\/page"}],"author":[{"embeddable":true,"href":"https:\/\/zpe.uni-siegen.de\/unbrk-kommunal\/wp-json\/wp\/v2\/users\/1"}],"replies":[{"embeddable":true,"href":"https:\/\/zpe.uni-siegen.de\/unbrk-kommunal\/wp-json\/wp\/v2\/comments?post=14"}],"version-history":[{"count":8,"href":"https:\/\/zpe.uni-siegen.de\/unbrk-kommunal\/wp-json\/wp\/v2\/pages\/14\/revisions"}],"predecessor-version":[{"id":405,"href":"https:\/\/zpe.uni-siegen.de\/unbrk-kommunal\/wp-json\/wp\/v2\/pages\/14\/revisions\/405"}],"wp:attachment":[{"href":"https:\/\/zpe.uni-siegen.de\/unbrk-kommunal\/wp-json\/wp\/v2\/media?parent=14"}],"curies":[{"name":"wp","href":"https:\/\/api.w.org\/{rel}","templated":true}]}}

<p class="has-small-font-size">Universität Siegen<br>Zentrum für Planung und Entwicklung Sozialer Dienste<br>Hölderlinstr. 3<br>57076 Siegen</p>



<p class="has-small-font-size">E-Mail: webmaster@zpe.uni-siegen.de<br>Telefon: +49 (0) 271 / 740 &#8211; 2228 (Geschäftsstelle, Heike Krütt)<br>Geschäftsführer: Dr. Martin F. Reichstein</p>



<p class="has-small-font-size">Die Universität Siegen ist eine vom Land Nordrhein-Westfalen getragene, rechtsfähige Körperschaft des öffentlichen Rechts. Sie wird vertreten durch den <a href="https://www.uni-siegen.de/start/die_universitaet/organisation/rektorat/?lang=de#rektor">Rektor</a> Univ.-Prof. Dr. Holger Burckhart.</p>



<h2 class="has-medium-font-size wp-block-heading" id="zustandige-aufsichtsbehorde" style="font-style:normal;font-weight:400">Zuständige Aufsichtsbehörde</h2>



<p class="has-small-font-size">Ministerium für Kultur und Wissenschaft des Landes Nordrhein-Westfalen.<br>Umsatzsteuer-Identifikationsnummer gemäß § 27 a Umsatzsteuergesetz:<br>DE 154854171.</p>



<h2 class="has-medium-font-size wp-block-heading" id="redaktionell-verantwortlich" style="font-style:normal;font-weight:400">Redaktionell verantwortlich</h2>



<p class="has-small-font-size">gemäß § 5 des Telemediengesetzes und § 55 Absatz 2 des Rundfunkstaatsvertrages:</p>



<p class="has-small-font-size">Zentrum für Planung und Entwicklung Sozialer Dienste<br>Universität Siegen<br>Hölderlinstraße 3<br>57076 Siegen<br>E-Mail: webmaster@zpe.uni-siegen.de</p>



<p class="has-small-font-size">Telefon: +49 271 / 740 &#8211; 2228 (Geschäftsstelle, Heike Krütt)</p>



<h2 class="has-medium-font-size wp-block-heading" id="copyright" style="font-style:normal;font-weight:400">Copyright</h2>



<p class="has-small-font-size">Die Urheber- und Nutzungsrechte (Copyright) für Texte, Grafiken, Bilder, Design und Quellcode liegen bei der Universität Siegen. Die Erstellung, Verwendung und Weitergabe von Kopien in elektronischer oder ausgedruckter Form bedarf der Genehmigung.</p>

<p>Universität SiegenZentrum für Planung und Entwicklung Sozialer DiensteHölderlinstr. 357076 Siegen E-Mail: webmaster@zpe.uni-siegen.deTelefon: +49 (0) 271 / 740 &#8211; 2228 (Geschäftsstelle, Heike Krütt)Geschäftsführer: Dr. Martin F. Reichstein Die Universität Siegen ist [&hellip;]</p>
