 
{"id":27,"date":"2025-08-12T15:58:20","date_gmt":"2025-08-12T13:58:20","guid":{"rendered":"https:\/\/zpe.uni-siegen.de\/teilhabekongress-2026\/?page_id=27"},"modified":"2025-11-12T11:32:45","modified_gmt":"2025-11-12T10:32:45","slug":"kontakt","status":"publish","type":"page","link":"https:\/\/zpe.uni-siegen.de\/teilhabekongress2026\/kontakt\/","title":{"rendered":"Kontakt"},"content":{"rendered":"\n<p>\n  <span id=\"contact-email-label\">Per E-Mail:<\/span>\n  <a href=\"mailto:teilhabekongress-2026@zpe.uni-siegen.de\" aria-labelledby=\"contact-email-label\">\n    teilhabekongress-2026@zpe.uni-siegen.de\n  <\/a>\n<\/p>\n\n\n\n<p>\n  Telefon: \n  <a href=\"tel:+492717402228\">+49 271 740-2228<\/a> (Heike Kr\u00fctt) oder \n  <a href=\"tel:+492717403465\">+49 271 740-3465<\/a> (Martin Reichstein)\n<\/p>\n\n\n\n<hr class=\"wp-block-separator has-alpha-channel-opacity\"\/>\n\n\n\n<p>Zur Seite des Zentrum f\u00fcr Planung und Entwicklung Sozialer Dienste (ZPE) der Universit\u00e4t Siegen kommen Sie \u00fcber diesen Link: <a href=\"https:\/\/zpe.uni-siegen.de\/\">www.zpe.uni-siegen.de<\/a><\/p>\n","protected":false},"excerpt":{"rendered":"<p>Per E-Mail: teilhabekongress-2026@zpe.uni-siegen.de Telefon: +49 271 740-2228 (Heike Kr\u00fctt) oder +49 271 740-3465 (Martin Reichstein) Zur Seite des Zentrum f\u00fcr Planung und Entwicklung Sozialer Dienste (ZPE) der Universit\u00e4t Siegen kommen [&hellip;]<\/p>\n","protected":false},"author":12,"featured_media":0,"parent":0,"menu_order":0,"comment_status":"closed","ping_status":"closed","template":"","meta":{"footnotes":""},"class_list":["post-27","page","type-page","status-publish","hentry","post"],"_links":{"self":[{"href":"https:\/\/zpe.uni-siegen.de\/teilhabekongress2026\/wp-json\/wp\/v2\/pages\/27","targetHints":{"allow":["GET"]}}],"collection":[{"href":"https:\/\/zpe.uni-siegen.de\/teilhabekongress2026\/wp-json\/wp\/v2\/pages"}],"about":[{"href":"https:\/\/zpe.uni-siegen.de\/teilhabekongress2026\/wp-json\/wp\/v2\/types\/page"}],"author":[{"embeddable":true,"href":"https:\/\/zpe.uni-siegen.de\/teilhabekongress2026\/wp-json\/wp\/v2\/users\/12"}],"replies":[{"embeddable":true,"href":"https:\/\/zpe.uni-siegen.de\/teilhabekongress2026\/wp-json\/wp\/v2\/comments?post=27"}],"version-history":[{"count":8,"href":"https:\/\/zpe.uni-siegen.de\/teilhabekongress2026\/wp-json\/wp\/v2\/pages\/27\/revisions"}],"predecessor-version":[{"id":362,"href":"https:\/\/zpe.uni-siegen.de\/teilhabekongress2026\/wp-json\/wp\/v2\/pages\/27\/revisions\/362"}],"wp:attachment":[{"href":"https:\/\/zpe.uni-siegen.de\/teilhabekongress2026\/wp-json\/wp\/v2\/media?parent=27"}],"curies":[{"name":"wp","href":"https:\/\/api.w.org\/{rel}","templated":true}]}}

<p>
  <span id="contact-email-label">Per E-Mail:</span>
  <a href="mailto:teilhabekongress-2026@zpe.uni-siegen.de" aria-labelledby="contact-email-label">
    teilhabekongress-2026@zpe.uni-siegen.de
  </a>
</p>



<p>
  Telefon: 
  <a href="tel:+492717402228">+49 271 740-2228</a> (Heike Krütt) oder 
  <a href="tel:+492717403465">+49 271 740-3465</a> (Martin Reichstein)
</p>



<hr class="wp-block-separator has-alpha-channel-opacity"/>



<p>Zur Seite des Zentrum für Planung und Entwicklung Sozialer Dienste (ZPE) der Universität Siegen kommen Sie über diesen Link: <a href="https://zpe.uni-siegen.de/">www.zpe.uni-siegen.de</a></p>

<p>Per E-Mail: teilhabekongress-2026@zpe.uni-siegen.de Telefon: +49 271 740-2228 (Heike Krütt) oder +49 271 740-3465 (Martin Reichstein) Zur Seite des Zentrum für Planung und Entwicklung Sozialer Dienste (ZPE) der Universität Siegen kommen [&hellip;]</p>
